(b) - z(b). Give y(-28).
-10
Let l(f) = -f**2 - 3*f - 3. Suppose -4*a + 97 = 3*u, 0*a - 2*u = 5*a - 116. Suppose 0 = 12*v - v + a. Calculate l(v).
-1
Let r(w) = -9*w + 79 + 59 + 73 + 78 - 257. What is r(7)?
-31
Let u(i) = -1123*i**2 + 3*i + 1121*i**2 - 2 - 2*i + 3 + 4*i. Give u(8).
-87
Let z(m) = -13*m + 109. Suppose 6*v + 11 = 3*q + 5, 0 = 3*q - v - 21. Determine z(q).
5
Let b(n) = -7*n + 50. Let d(p) = -3*p**3 + 46*p**2 + 32*p + 12. Let v be d(16). Calculate b(v).
-34
Let z = 6687 + -6689. Let t(h) = -35*h - 13. What is t(z)?
57
Let m(i) = -i**3 - 17*i**2 - 18*i - 34. Suppose -19*s - 71 = 233. Determine m(s).
-2
Suppose -16*x + 13*x = -201. Let f = x - 70. Let l(v) = -3*v**2 + 1. Give l(f).
-26
Let f(n) = n**2 + n. Let v(h) = -7*h**2 + 5. Let c(t) = 6*f(t) + v(t). Suppose -2*p + 115 + 31 = -17*i, -5*p - 3*i = -1. Determine c(p).
10
Let n(g) be the second derivative of -g**6/360 + g**5/24 - 37*g**4/4 + 5*g - 6. Let a(q) be the third derivative of n(q). What is a(2)?
1
Suppose 5*f = 4*y - 42, y - 3*y + 36 = -5*f. Let q be ((-2)/f)/(1/27). Let b(d) be the first derivative of d**4/4 - 3*d**3 + d**2 - 13*d + 1. Determine b(q).
5
Let n(t) be the third derivative of t**6/120 + 11*t**5/60 + 19*t**4/24 + 31*t**3/6 - 20*t**2 + 64. Give n(-9).
22
Let o(w) = 4*w**3 - 4*w**2 + 4*w - 3. Let p = 178 + -267. Let x = p + 86. Let h be ((-20)/(-2) - 5) + x. Give o(h).
21
Let z(c) be the third derivative of c**6/120 + 13*c**5/60 + 3*c**4/4 + 3*c**3/2 + 10*c**2 - 101*c + 2. Give z(-11).
53
Let z(j) = 155*j - 61*j - 69*j - 49*j + 1. What is z(-1)?
25
Suppose -2*w = -12*w + 40. Let l be 5/(w - 9)*7. Let m(n) = n**2 + 7*n - 8. Give m(l).
-8
Let f = -54 + 59. Suppose -f*d = -122 - 108. Let g(l) = -d + 46 + l + 0*l. What is g(1)?
1
Let z(n) = 6*n - 52. Let w be z(9). Let t(j) = -2*j - 51*j**2 + 104*j**2 - 52*j**w + 3. Let b(y) = 2*y - 5. Let f be b(4). Give t(f).
6
Let t(z) = z**3 + 5*z**2 + 6*z + 4. Let g(d) = -4*d**2 + 28*d. Let n be g(7). Suppose n = -6*f - 19 - 5. Give t(f).
-4
Let h(i) = -i**3 - 7*i**2 + i - 1. Suppose b + 2*q = -6, -5*q + 8 + 37 = -5*b. Let c be h(b). Suppose -12*t + c = -t. Let m(z) = -z**2 + 3*z + 6. Give m(t).
-4
Suppose 20 = b - 4*v, 4*b + 7*v = 4*v + 23. Let t(l) = -l**2 + 8*l - 4. What is t(b)?
-4
Let u(m) = -6*m**2. Let x(a) = a**3 + 7*a**2 + 12*a + 4. Suppose 0 = 2*n + 3*g + 5, -5*g - 5 = -5*n - 30. Let b be x(n). Suppose b*t = -3*t - 7. Determine u(t).
-6
Let w = 2 + 1. Let y(h) = -1 + h**w + 65*h**2 - 4 + 59*h**2 - 129*h**2. Determine y(5).
-5
Let v(n) = n + 13. Let a be v(6). Suppose -2*c - 6 = 0, -3*p = -5*c - 17 - a. Suppose 1 = -2*l + p. Let i(q) = -q**3 + q**2 + 2*q + 4. Determine i(l).
-8
Let r(u) = -3*u**3 - 4*u**2 - 2*u - 4. Let v(o) = o**2 + 319*o - 969. Let c be v(3). Calculate r(c).
47
Let w be ((-2)/1)/((-14)/14). Suppose -w*f + x = 15, -f + x = -19 + 29. Let r(n) = -2*n + 6. Calculate r(f).
16
Let i(v) = -v**2 - 2*v + 6. Suppose -12 = 12*f - 60. Suppose -8*z + 7*z + 1 = 0, 0 = 2*o + f*z + 6. Give i(o).
-9
Suppose 11*k = -3*o + 13*k + 44, 0 = -2*o - 5*k - 15. Let y(c) be the second derivative of -c**4/12 + 3*c**3/2 + 3*c**2 + 7*c. Calculate y(o).
-4
Let o = 3 - 0. Let a(n) be the second derivative of -1/12*n**4 - n + 30 - 3/2*n**2 + 2/3*n**3. Determine a(o).
0
Let g(w) = -5*w - 6. Let t = -138 - -144. Let v(x) = 4*x + 5. Let k(z) = t*v(z) + 5*g(z). Determine k(-4).
4
Suppose 6*o - 5*o + 72 = 37*o. Let u(x) = 9*x**3 + x**2 - x - 2. Determine u(o).
72
Let v(p) be the first derivative of p**4/24 - 11*p**3/6 - p**2/2 + 92*p - 194. Let x(u) be the second derivative of v(u). Determine x(7).
-4
Suppose 0 = 5*c + 3*u + 323, -5 = 4*c + 3*u + 254. Let l = c + 75. Suppose -3*h = 7 + l. Let m(k) = -k - 11. Determine m(h).
-5
Let w(i) be the second derivative of -i**4/24 - i**3 + 4*i**2 - 3*i. Let l(d) be the first derivative of w(d). Determine l(-5).
-1
Let w(p) = p**2 - 4937 + 2437 + 2502. Determine w(-4).
18
Let o(a) = a**2 - 4*a + 2. Let d(s) = s**2 - 5*s + 2. Let t(y) = -5*d(y) + 6*o(y). Let q be (-30)/(-10) - (6 - 1). Let v be (q - (1 - 0)) + 3. Determine t(v).
2
Let n(q) = -11*q**3 - 26*q + 37. Let i(k) = 2*k**3 + 3*k**2 + 2*k - 2. Let u(j) = -5*i(j) - n(j). Calculate u(14).
1
Let m(b) = -1223*b - 68. Let c(f) = -1020*f - 68. Let p(k) = 6*c(k) - 5*m(k). Give p(-12).
-8
Let k(a) = -269*a**3 + 268*a**3 - 36*a + 22 + 15*a**2 + 31 + 6*a. Determine k(13).
1
Let a(c) = -16*c**3 - 12 - 17*c**3 + 32*c**2 + 34*c**3 - 13 - 10*c - 27*c**2. Calculate a(-5).
25
Let l(c) = -13*c - 4. Suppose -14 + 18 = -2*i - 3*g, 0 = -i + 5*g - 2. Calculate l(i).
22
Let u(j) be the second derivative of 4 + 4/3*j**3 + j**2 + 4*j. What is u(-1)?
-6
Let f(l) = 19 + 27*l + 17*l - 37*l + 72. Give f(-13).
0
Let x(n) = 8*n - 30. Let z be x(6). Suppose -z*r = -21*r + 21. Suppose -5 - r = -3*t. Let w(i) = -i + 3. Calculate w(t).
-1
Let p(r) be the first derivative of 8*r**3 + r**2/2 - 44. Suppose 2*m - 2 = -4*j, -4*m + 4 = -0*j - 3*j. What is p(m)?
25
Suppose 220 = -4*q - 16*q. Let r(n) = -14*n - 159. Let c be r(q). Let t(z) be the second derivative of -z**4/12 - 5*z**3/6 - 7*z**2/2 - z. What is t(c)?
-7
Suppose 0 = 91*v - 98*v - 42. Let f(q) be the first derivative of q**4/24 + q**3/3 - 2*q**2 - 1. Let t(n) be the second derivative of f(n). Calculate t(v).
-4
Let p(w) be the third derivative of w**6/120 + 2*w**5/15 + 5*w**4/24 - 2*w**3/3 + 56*w**2 + 16*w. Let s = -22 - -15. What is p(s)?
10
Let q(g) = 0*g - 6*g - 4*g + 17 - 9 - 6. Calculate q(2).
-18
Suppose 22*a + 11811 = -4469. Let w = -732 - a. Let u(g) = -g**2 + g - 2. Calculate u(w).
-58
Suppose -37*f = 4*f - 287. Let s(m) = m**2 + m + 10. Let u(t) = -t**2 + t - 1. Let p(d) = s(d) + 2*u(d). Calculate p(f).
-20
Suppose 131*q + 126 + 5 = 0. Let c(s) = -3*s**2 - 2*s. What is c(q)?
-1
Let d(k) = 48219*k - 48190*k + 2*k**2 - 970 + 925. Give d(-16).
3
Let m(s) = -s**3 + 10*s**2 + 11*s + 2. Let w be (-1 - 5/1) + 10. Suppose -n = 3, -w*l + 28 = -n - 19. Determine m(l).
2
Suppose -6 = -6*p + 3*p. Let c(w) = 6*w - 1 - p*w + 2. Let h(n) = -116*n - 23662. Let d be h(-204). Determine c(d).
9
Suppose -f + 3*q + 25 = 0, f + 5*q - 29 = 6*q. Let r(y) = y**3 - 34*y**2 + 93*y + 25. Determine r(f).
25
Let f(s) = -3*s + 109 + 9*s - 5 - s + 71. What is f(-34)?
5
Let b(p) = p**2 - 2*p - 3. Let t be b(-2). Let i = 1272 - 1270. Suppose -3*z = -t*z + 3*m - 2, 4*m - 12 = -i*z. Let u(d) = d + 1. Determine u(z).
3
Let v(q) = -37*q - 78. Let n(l) = -23*l**2 + 23*l - 2. Let z be n(1). Give v(z).
-4
Let l be (6/(-8))/(7/(280/(-15))). Let v(w) = -7*w**l - 7*w + 0*w**2 - 6*w**2 + 12*w**2 + 5. Determine v(-6).
11
Let v be ((-66)/(-12) - 5)*4*6. Suppose v*i - 9 = 3*i. Let q be ((-2)/(-4))/((-1)/(-2)) + i. Let l(d) = 2*d - 3. Give l(q).
1
Let g(h) = 4*h + 6. Let f(p) = p - 17. Let a(t) = 3*f(t) - g(t). Determine a(0).
-57
Suppose 13 = 3*w + c - 2, 0 = w + c - 7. Suppose 0 = -2*h - 8, -w*h + 11 - 3 = 4*a. Let o(s) = -s + 10. Determine o(a).
4
Suppose 3*w = 4*y - 1 + 8, 5*y + 23 = -w. Let l be (23*2/(-8))/(w/12). Suppose 4*g = 5*q + 2*g - l, -5 = -5*g. Let a(i) = i**2 - 6*i + 5. Calculate a(q).
0
Suppose -4*b + 21*v - 17*v = 48, 0 = v - 4. Let o(n) = 2*n**2 + 20*n + 2. Determine o(b).
-30
Let f(j) = -3*j + 1. Let b(r) = 29*r - 51. Let p(u) = 2*b(u) + 14*f(u). Let s(t) = -7*t + 42. Let q(h) = 4*p(h) + 9*s(h). Give q(-11).
15
Let h(g) = -16*g**2 + g**3 - 43*g - 50*g + 132*g - 14*g - 13. Determine h(14).
-55
Suppose -28 - 2 = -c. Let s be (-2)/(-8) - c/16*-2. Let n(a) = 2 + a + 0*a - s - 4. Determine n(8).
2
Let g(z) be the third derivative of -15*z**2 + 1/24*z**4 + 7/30*z**5 + z + 1/6*z**3 + 0. What is g(-1)?
14
Let c(q) = q**2 + 22*q. Let d be 11/(-3)*2*(-45)/6. Suppose -44*z + d*z + 242 = 0. Give c(z).
0
Let n = 1783 - 1786. Let u(g) = 9*g + 20. Determine u(n).
-7
Let d(w) be the second derivative of -w**5/20 - 5*w**4/6 - 10*w**3/3 + 189*w. Determine d(-7).
-7
Let p(k) = -k**3 - 3*k**2 + 4*k + 6. Let a = -5 + 1. Let s(m) = 10*m - 235. Let z(u) = 7*u - 169. Let i(w) = -5*s(w) + 7*z(w). Let t be i(a). Give p(t).
6
Let a(q) = 18*q + 2. Suppose -3*z - 6 = 3*h, -5*h = -7*z + 11*z + 6. Let d be h/4 - (-5)/(-2). Determine a(d).
-34
Suppose 0 = -3*x - s + 4, 3*x + 3*s = 9 - 3. Let j(y) = -2*y - 9*y**2 + 37*y**2 - x - 4 + 16*y - 27*y**2. What is j(-14)?